se 3, what is -1002 - -21010212021111?
21010212020102
In base 10, what is -7779318 + -4?
-7779322
In base 12, what is -38 - -1b02573?
1b02537
In base 5, what is -43121112 + -2?
-43121114
In base 3, what is 0 - -1200012221021020?
1200012221021020
In base 3, what is 10011022122210102 - 12?
10011022122210020
In base 12, what is -40506 - 572?
-40a78
In base 5, what is -2242 - -111102112?
111044320
In base 13, what is 1b821ac5 - 1?
1b821ac4
In base 7, what is -113533141 - 340?
-113533511
In base 5, what is -1134210 - -1133?
-1133022
In base 10, what is -9231 - -60144?
50913
In base 10, what is 26211 - -60?
26271
In base 16, what is c8c55 + -124?
c8b31
In base 16, what is -15ae962 + -2?
-15ae964
In base 10, what is -16497 + 1372?
-15125
In base 12, what is -7080174 - 4?
-7080178
In base 9, what is -3758 + -4030?
-7788
In base 2, what is -1101101011011 - 1101010010110?
-11010111110001
In base 3, what is -12111120021102 + -1?
-12111120021110
In base 4, what is 1302313 - -133?
1303112
In base 9, what is 1555 - -17104?
18660
In base 13, what is 3340b21 + -4?
3340b1a
In base 8, what is -1564453371 - -5?
-1564453364
In base 16, what is 4 + 50788ef?
50788f3
In base 16, what is -2d268 - -48?
-2d220
In base 2, what is -111000 + -1111010101111110?
-1111010110110110
In base 15, what is 2547a + -794?
24bd6
In base 12, what is 12316 - 49b9?
9519
In base 12, what is -11a85 + -b26?
-129ab
In base 15, what is -8c45d784 + -5?
-8c45d789
In base 2, what is 1110010100000101100 - 110111?
1110010011111110101
In base 2, what is -1 - -110100010000010010110000001?
110100010000010010110000000
In base 9, what is 1368612756 - 5?
1368612751
In base 11, what is -88a632a + -15?
-88a6344
In base 13, what is 164b + 82c?
217a
In base 8, what is -5 - -77773102?
77773075
In base 7, what is 33453 - -1232350?
1266133
In base 7, what is 16345102 + -411?
16344361
In base 6, what is -2 + -1454230451?
-1454230453
In base 4, what is -221 - 112322131?
-112323012
In base 16, what is -6a1 - 1027?
-16c8
In base 3, what is -1002002221211012 - -1?
-1002002221211011
In base 15, what is -4 - 47100d8?
-47100dc
In base 9, what is 4221 - -187588?
202820
In base 3, what is -102 - -2101010021?
2101002212
In base 14, what is -641cd1 - 5?
-641cd6
In base 3, what is 112200202 - -1020011?
120220220
In base 13, what is 499a12 - -24?
499a36
In base 5, what is 100443 - -23211?
124204
In base 15, what is -cca07 + -b8?
-ccac0
In base 14, what is 4 + 21cd9d9?
21cd9dd
In base 11, what is -27a879 - -3731?
-277148
In base 8, what is 220365467 + -2?
220365465
In base 2, what is 110000100110000001011 - 11?
110000100110000001000
In base 12, what is -2b + -1391b1?
-139220
In base 12, what is -80586 + -2?
-80588
In base 13, what is 161 + 2baab?
2bc3c
In base 9, what is 2453 - -1715?
4268
In base 3, what is 2 - -12101102000202011?
12101102000202020
In base 4, what is 311 - -11302310010?
11302310321
In base 10, what is 34749484 + 4?
34749488
In base 3, what is -101010 + 2011212?
1210202
In base 15, what is -36d6 + 1b0?
-3526
In base 16, what is -7527b + -2?
-7527d
In base 2, what is 1100 + 1101100100111111010?
1101100101000000110
In base 14, what is 50c264 - -10?
50c274
In base 6, what is 44520152 - -11?
44520203
In base 6, what is -10200 + -134212?
-144412
In base 14, what is -2055 + 28?
-202b
In base 3, what is -1010112 - 120010200?
-121021012
In base 3, what is -111022 - -10202202000?
10202020201
In base 13, what is 29 - -26ac8?
26b24
In base 6, what is -1435010242 - -11?
-1435010231
In base 9, what is -5 - -3527503?
3527487
In base 5, what is 4424233204 - -3?
4424233212
In base 12, what is -456730 - 4?
-456734
In base 5, what is 120024444130 - 3?
120024444122
In base 13, what is -644704 + -4?
-644708
In base 14, what is -76858 - 7d?
-768d7
In base 13, what is 711bc - -6?
711c5
In base 12, what is 0 + -2a535b?
-2a535b
In base 10, what is 49350895 - 0?
49350895
In base 11, what is 396a61 - 5a?
396a02
In base 2, what is -11101111101100 - 100110001?
-11110100011101
In base 7, what is -11036233 - 145?
-11036411
In base 8, what is -74236 - -4544?
-67472
In base 14, what is -2619 + -268c?
-4ca7
In base 12, what is 37131ab2 + 4?
37131ab6
In base 8, what is 1 + -1331554226?
-1331554225
In base 9, what is -13501483 + -13?
-13501506
In base 7, what is -12 - -34031623?
34031611
In base 9, what is -7374 + 24681?
16306
In base 5, what is -14430 - -3243?
-11132
In base 2, what is 110000101000111 - -111001?
110000110000000
In base 14, what is 253 - -d926a?
d94bd
In base 16, what is -3849 - -181e?
-202b
In base 6, what is -4111 + -22025?
-30140
In base 5, what is 2143433 + 4142?
2203130
In base 8, what is -134205 - -12332?
-121653
In base 2, what is 100 + -1001010000010100100010011?
-1001010000010100100001111
In base 10, what is -1 - 48042815?
-48042816
In base 5, what is -12231443 + 1131?
-12230312
In base 14, what is -b3abc5 + 99?
-b3ab2a
In base 10, what is -2 + -1846295?
-1846297
In base 9, what is 66 + 3055638?
3055715
In base 2, what is -111101101110010 + -101000?
-111101110011010
In base 5, what is -4 + -1224222200?
-1224222204
In base 4, what is 3 + -3032232213133?
-3032232213130
In base 11, what is -35 - -a5343?
a5309
In base 6, what is 12550 + 102353?
115343
In base 3, what is -1212200010202211221 - -10?
-1212200010202211211
In base 12, what is -bb8357 + -6?
-bb8361
In base 15, what is 5e00 + 926?
6826
In base 16, what is -11b - -8b0c?
89f1
In base 5, what is 3 + 3444002034?
3444002042
In base 11, what is -8 - 34067a85?
-34067a92
In base 6, what is 54 + 3220234040?
3220234134
In base 5, what is 220103 - 243344?
-23241
In base 11, what is -3 - -8057862a?
80578627
In base 8, what is 44 - 3447666?
-3447622
In base 11, what is 4197 + 23001?
27198
In base 12, what is 4 + -6b619271?
-6b619269
In base 13, what is 483 + -6630?
-617a
In base 5, what is -22 - 333240121?
-333240143
In base 10, what is 3 - 1427900?
-1427897
In base 16, what is 31 + -416c?
-413b
In base 2, what is -1010 - -110110011111000010100111?
110110011111000010011101
In base 10, what is -3 - 8612523?
-8612526
In base 2, what is 11010011011000101101 - 0?
11010011011000101101
In base 3, what is 210202110 - -110012?
211012122
In base 4, what is 3 - -1003133003322?
1003133003331
In base 11, what is 460597 - 342?
460255
In base 8, what is -750020 + 6?
-750012
In base 12, what is 57b4 + 17627?
2121b
In base 12, what is -12 + 50b454?
50b442
In base 10, what is 1 + 10846057?
10846058
In base 6, what is 3134134510 + -3?
3134134503
In base 2, what is 1000011001111010110 - -101010?
1000011010000000000
In base 13, what is -11 + 126647?
126636
In base 5, what is -2113300230300 + -10?
-2113300230310
In base 5, what is 1321110233 + -13?
1321110220
In base 10, what is 13 - 1887?
-1874
In base 6, what is 2010425310 - 5?
2010425301
In base 7, what is 3 - -3564136510?
3564136513
In base 8, what is -114030 - 5?
-114035
In base 7, what is -166 + -100241?
-100440
In base 8, what is 2414140 + -53?
2414065
In base 16, what is -1885 - -278?
-160d
In base 3, what is -22020000222 + 1201011?
-22011022211
In base 3, what is 2101202222211 - -10012?
2101210010000
In base 7, what is -121530 - -14163?
-104334
In base 9, what is -24 + -7538325?
-7538350
In base 8, what is 33370 - 3322?
30046
In base 3, what is -1 - -10000110102101?
10000110102100
In base 9, what is 220 + 26685?
27015
In base 9, what is -2134 + -8250?
-11384
In base 11, what is -53aa72 + 906?
-53a167
In base 13, what is -213 + -42c26?
-43139
In base 5, what is -101433003 + -2042?
-101440100
In base 9, what is -665 - 45710?
-46475
In base 12, what is -a - -2b7a39?
2b7a2b
In base 7, what is -525356 - -245?
-525111
In base 8, what is 5 - -56045323?
56045330
In base 4, what is -313312 + 310201?
-3111
In base 6, what is -2014 - -21144553?
21142535
In base 10, what is -73 - -115745?
115672
In base 8, what is 16215035 + 22?
16215057
In base 16, what is 523 - fd5?
-ab2
In base 6, what is 4 + -214005122?
-214005114
In base 3, what is -12 - -1112012222012?
1112012222000
In base 16, what is 1d + 7b030?
7b04d
In base 15, what is e21 + 1cdc?
2c0d
In base 15, what is -2 + 2bdcc5c?
2bdcc5a
In base 16, what is af7 - 858?
29f
In base 3, what is -20 - 211012121220202?
-211012121220222
In base 8, what is -4 + -15475000?
-15475004
In base 15, what i